d)*(-1 + 35/15). What is the greatest common factor of s and 44?
4
Suppose 10*i + 2*g - 2824 = 9*i, 3*i = -4*g + 8470. What is the highest common divisor of i and 83?
83
Let a be 4/(-54) + 15568/216 + 0. Let r(k) = k**2 + 7*k + 1. Let o be r(-8). Calculate the highest common factor of a and o.
9
Suppose 3*g + 56*f - 264 = 59*f, -2*f + 4 = 0. Suppose 5*z + 180 = 15*z. Calculate the highest common divisor of g and z.
18
Let r(z) = 10*z**2 + 12*z + 16. Let a be r(6). Suppose -3*w = -0*v + 4*v - 356, -3*w = 5*v - a. Calculate the highest common factor of 4 and v.
4
Let u = -240 - -242. Suppose 0*w + 4*i - 516 = -4*w, u*w - 2*i - 246 = 0. What is the greatest common factor of 84 and w?
42
Let a be (6 - 9/3) + (-14)/(-7). Suppose -14*z = -10*z - 4*v - 1316, 0 = a*z + 4*v - 1636. What is the greatest common divisor of z and 8?
8
Let r be 106*(-23 - -22)/(2*1). Let f = -44 - r. What is the highest common factor of 9 and f?
9
Let w(k) = 3*k**2 - 11*k - 43. Let c be w(-8). Let g = -234 + c. What is the highest common factor of 24 and g?
3
Let z = 5024 - 4996. What is the greatest common divisor of 2016 and z?
28
Suppose 3*h = 379 + 149. Suppose -5*u + 75 = 4*s, -2*u - 6*s + 5*s + 27 = 0. What is the greatest common factor of h and u?
11
Let d(f) = -11 + 13*f + 11*f - 23*f. Let v be d(18). Calculate the highest common divisor of v and 2.
1
Let c(l) = 10*l + 3. Suppose -3*s + y + 8 = -5, 5*y + 20 = 0. Let o be c(s). Let j be (-12 + 18)/((-3)/(-11)). Calculate the greatest common divisor of o and j.
11
Let l(m) = -8*m**3 - 123*m**2 - 48*m - 28. Let a be l(-15). Calculate the highest common factor of a and 25.
1
Let a(z) = 11*z**2 + 2*z + 22. Let s be a(-5). Let g = s + -149. What is the highest common factor of 46 and g?
46
Let j be (1 + 1)*(-66)/(-12). Suppose 0 = -s - j + 17. Let l be (-7)/((-21)/s) - -68. Calculate the greatest common factor of 10 and l.
10
Let v(k) be the first derivative of -15*k**2/2 - 12*k - 30. Let g be v(5). Let n = 159 + g. Calculate the highest common factor of n and 48.
24
Suppose -1931*s + 1208*s = -28920. Let r = 21 - 37. Let b be (45/(-6))/(2/r). What is the highest common divisor of b and s?
20
Let i(u) = 34*u**2 + 53*u - 684. Let t be i(17). What is the highest common divisor of t and 121?
121
Let i be ((-16)/(-12))/(112/21084). Calculate the greatest common factor of i and 15311.
251
Let u be 7 + (10 - 0 - -7). Suppose 5*t + 2*c = -0*t + 238, -4*c = -16. Let r = t + -10. What is the highest common divisor of u and r?
12
Let p be 4 + (86/8 - -15*(-9)/180). Calculate the highest common divisor of p and 42.
14
Let i(x) = -14*x - 109. Let y be i(-8). Suppose y*m = 4*m - 20. Calculate the highest common factor of m and 30.
10
Let s = -3231 - -3259. What is the highest common divisor of 574 and s?
14
Suppose -20*p - 7537 = -39237. What is the highest common factor of p and 10?
5
Let v(x) = 37*x + 379. Let i be v(-10). Suppose -10*m = i*m - 95. What is the greatest common divisor of 18 and m?
1
Let m = -693 + 689. Let p be (-58)/m*1 - (-57)/(-38). What is the highest common factor of 208 and p?
13
Let u be 3*152*66/12. Suppose -16*z = 17*z - u. Let d be 2*-3*(-76)/24. What is the highest common divisor of z and d?
19
Suppose 588 = 16*d - 548. Calculate the highest common factor of 15833 and d.
71
Suppose 4*x + 78 = 2*z, 2*z = 6*x - 4*x + 40. Let t(l) = l**2 + 15*l - 26. Let s be t(x). What is the highest common divisor of 175 and s?
25
Let u = 69 - 55. Suppose 10*n + 156 = u*n. Calculate the greatest common divisor of n and 273.
39
Let y(a) = -73*a - 4774. Let f be y(-66). Calculate the greatest common divisor of 2112 and f.
44
Suppose -24 = -3*h + 2*s, 57 - 30 = 3*h - 3*s. Let j(b) = -20*b**2 + 62*b**2 + 1 - 2 + b. Let i be j(1). Calculate the highest common factor of i and h.
6
Let v(i) = -6*i + 60. Let z be v(-18). Let n = z + -159. Let j(l) = 24*l + 3. Let s be j(4). Calculate the greatest common factor of s and n.
9
Let o = 408 - 405. Let u be (o - -19)*(17 - -1). Calculate the greatest common factor of u and 36.
36
Suppose 20*u - 36*u = -1600. Suppose 19*m = 24*m - u. What is the greatest common factor of m and 60?
20
Let f = -10527 - -11643. What is the highest common factor of 108 and f?
36
Let y = 50 + -33. Suppose 0 = -o - 2*w + y, -127 = -2*o - 3*o + 4*w. Calculate the greatest common divisor of o and 161.
23
Suppose 3*g - 25 = 53. Suppose 385*f + 4*x = 382*f + 231, -f + 3*x = -38. Calculate the greatest common factor of g and f.
13
Suppose 219 = 5*z + 3*n, 10*z = 4*z + 2*n + 218. Suppose -u + 1194 = 4*m, -u = -2*m - 2*u + 596. What is the greatest common divisor of z and m?
13
Suppose 22*s - 79*s + 42379 + 57428 = 0. Calculate the greatest common divisor of 221 and s.
17
Suppose 0 = -3*a - 4*j + 24054, -2*a + 22763 - 6749 = -j. Calculate the highest common divisor of 36 and a.
18
Let f be ((-42)/5)/((-9)/30). What is the greatest common divisor of 4732 and f?
28
Let b = -253 + 459. Suppose -22*z = -b - 14. Calculate the greatest common factor of 90 and z.
10
Let k(y) = 2*y**2 - 12*y - 3. Let h be k(9). Let t be (-5252)/(-28) - (-4)/(-7). Calculate the greatest common factor of h and t.
17
Suppose 4*w = 2*v + 62, -4*v + v + 83 = 5*w. Let h be 5/((-25)/80)*(-324)/w. Calculate the highest common factor of h and 9.
9
Let c = -21 - -85. Let q(d) = 124*d - 59*d + d**2 - 4*d**3 - c*d. Let w be q(-1). What is the highest common factor of 2 and w?
2
Suppose 129*h + 131*h - 6500 = 0. What is the highest common divisor of 25 and h?
25
Let l be (-50)/125*(-785)/2. Suppose -l = -5*k + 93. What is the greatest common factor of k and 250?
50
Let z(n) = 25*n + 330. Let d be z(-13). Suppose 1383 = 4*r + d*h, h + 2*h + 719 = 2*r. Calculate the highest common divisor of r and 32.
32
Let x(b) = b**3 + 9*b**2 + 3*b - 33. Let z = 71 + -79. Let r be x(z). Calculate the highest common divisor of r and 77.
7
Suppose 3 = b + j, j + 11 = 3*b + 3*j. Suppose 4*g + 3*q - 7 = 0, -29 = -0*g - b*g + 3*q. What is the highest common divisor of g and 52?
4
Let s = 175973 - 175651. Let d(f) = 2*f**3 - 2*f**2 + 4*f - 2. Let l be d(2). Calculate the greatest common divisor of l and s.
14
Suppose 0 = j + 2*j - 63. Let k = -117 - -118. Let x(d) = 209*d**3 + 2*d**2 - 1. Let f be x(k). Calculate the highest common divisor of j and f.
21
Suppose -276 = -116*o + 225*o - 155*o. What is the greatest common divisor of 2658 and o?
6
Let b be (1 - (-2)/(-10))*35. Suppose 16 = 5*l - l. Suppose 5 = 5*d + l*t - 46, -4*t + 9 = -d. What is the highest common divisor of d and b?
7
Suppose -16*y = -4*y + 1092. Let j = y + 110. Calculate the highest common factor of j and 19.
19
Let t be (-2)/4*42/28*-4. Suppose 2*j = 5*h - 583, -345 - 218 = -5*h - t*j. What is the highest common factor of h and 46?
23
Let j(l) = -2*l**3 + 57*l**2 - 49*l - 67. Let g be j(27). Let x = g - 766. What is the highest common divisor of x and 4?
1
Suppose 4*z = j + 3542, 3*z - 3*j - 2661 = -0*z. Let u = z - 247. Calculate the highest common factor of 116 and u.
58
Let i(l) = -l + 88. Let j be i(0). Suppose -6*a + 9*a + 153 = 3*h, 4*h + 180 = -4*a. Let d be -8 + a*(-9)/27. Calculate the highest common factor of j and d.
8
Let k = 11 + 9. Let i be ((-270)/36)/((-6)/k). What is the highest common factor of 20 and i?
5
Suppose 10 = -3*q + 5*q - 3*n, 0 = -3*q - 4*n - 2. Suppose z - 18 = -2*t, -5*t - 5*z = -q*t - 20. Calculate the greatest common divisor of t and 25.
5
Let y be 2/20 - 2667/70. Let m = 106 + y. What is the highest common divisor of 51 and m?
17
Suppose -n - 1664 = -65*n. Calculate the greatest common factor of n and 793.
13
Let a(d) = -170*d + 852. Let j be a(5). What is the greatest common factor of 4 and j?
2
Suppose -5357*d = -5338*d - 933 - 2297. Calculate the highest common factor of 50 and d.
10
Let x(s) = -3*s - 40. Let o be x(-15). Suppose 0 = -y - 5*a - 555, 5*y + o*a - 2270 = 9*y. Let v = y + 818. What is the greatest common divisor of v and 23?
23
Let a be ((-4)/(-6))/(3/45). Let f = 36 + -380. Let m = f - -484. Calculate the greatest common divisor of m and a.
10
Let f = -4447 + 5422. Calculate the highest common divisor of 3 and f.
3
Let x = 473 + -471. Suppose -2*u + 20 = -0*u - 4*b, 4*u = x*b + 40. Calculate the highest common divisor of 15 and u.
5
Let f = 67 + 10. L